{"id":13,"date":"2022-03-12T12:59:02","date_gmt":"2022-03-12T11:59:02","guid":{"rendered":"https:\/\/irun.wordcamp.org\/2022\/?page_id=13"},"modified":"2022-05-21T08:57:19","modified_gmt":"2022-05-21T06:57:19","slug":"tickets","status":"publish","type":"page","link":"https:\/\/irun.wordcamp.org\/2022\/tickets\/","title":{"rendered":"Tickets"},"content":{"rendered":"\n<p class=\"has-background wp-block-paragraph\" style=\"background-color:#eeeeee\">Tras un par\u00f3n de casi dos a\u00f1os en la organizaci\u00f3n de WordCamps debido a la pandemia, vuelve WordCamp Irun 2022.<br><strong>\u00a1\u00a1Te recomendamos que c<em>ompres tu entrada cuanto antes<\/em><\/strong> <strong>para no quedarte sin!!<\/strong><\/p>\n\n\n\n<p class=\"has-background wp-block-paragraph\" style=\"background-color:#eeeeee\">Pandemia dela eta WordCamp-en antolaketan ia bi urteko etenaren ostean, WordCamp Irun 2022 itzuli da.<br><strong>Ahalik eta lasterren erostea sarrera gomendatzen dizugu!!!<\/strong><\/p>\n\n\n<a href=\"https:\/\/irun.wordcamp.org\/2022\/tickets\/\">Por favor, ve esta p\u00e1gina en un navegador para hacer una compra o gestionar entradas.<\/a>\n","protected":false},"excerpt":{"rendered":"<p>Tras un par\u00f3n de casi dos a\u00f1os en la organizaci\u00f3n de WordCamps debido a la pandemia, vuelve WordCamp Irun 2022.\u00a1\u00a1Te recomendamos que compres tu entrada cuanto antes para no quedarte sin!! Pandemia dela eta WordCamp-en antolaketan ia bi urteko etenaren ostean, WordCamp Irun 2022 itzuli da.Ahalik eta lasterren erostea sarrera gomendatzen dizugu!!!<\/p>\n","protected":false},"author":15603590,"featured_media":0,"parent":0,"menu_order":0,"comment_status":"closed","ping_status":"closed","template":"","meta":{"_crdt_document":"","jetpack_post_was_ever_published":false,"footnotes":""},"class_list":["post-13","page","type-page","status-publish","hentry"],"jetpack_sharing_enabled":true,"_links":{"self":[{"href":"https:\/\/irun.wordcamp.org\/2022\/wp-json\/wp\/v2\/pages\/13","targetHints":{"allow":["GET"]}}],"collection":[{"href":"https:\/\/irun.wordcamp.org\/2022\/wp-json\/wp\/v2\/pages"}],"about":[{"href":"https:\/\/irun.wordcamp.org\/2022\/wp-json\/wp\/v2\/types\/page"}],"author":[{"embeddable":true,"href":"https:\/\/irun.wordcamp.org\/2022\/wp-json\/wp\/v2\/users\/15603590"}],"replies":[{"embeddable":true,"href":"https:\/\/irun.wordcamp.org\/2022\/wp-json\/wp\/v2\/comments?post=13"}],"version-history":[{"count":14,"href":"https:\/\/irun.wordcamp.org\/2022\/wp-json\/wp\/v2\/pages\/13\/revisions"}],"predecessor-version":[{"id":1100,"href":"https:\/\/irun.wordcamp.org\/2022\/wp-json\/wp\/v2\/pages\/13\/revisions\/1100"}],"wp:attachment":[{"href":"https:\/\/irun.wordcamp.org\/2022\/wp-json\/wp\/v2\/media?parent=13"}],"curies":[{"name":"wp","href":"https:\/\/api.w.org\/{rel}","templated":true}]}}