{"id":161,"date":"2020-01-11T10:38:07","date_gmt":"2020-01-11T10:38:07","guid":{"rendered":"https:\/\/2020.irun.wordcamp.org\/?page_id=161"},"modified":"2020-01-11T10:38:07","modified_gmt":"2020-01-11T10:38:07","slug":"organizadores","status":"publish","type":"page","link":"https:\/\/irun.wordcamp.org\/2020\/organizadores\/","title":{"rendered":"Organizadores"},"content":{"rendered":"\n<p>Estos son algunos de los culpables de que se haya perpetrado WordCamp Irun 2020<\/p>\n\n\n\t<div class=\"wcorg-organizers\">\n\n\t\t\n\t\t\t<div class=\"wcorg-organizer\">\n\t\t\t\t<h2>Sergio R. Castillo<\/h2>\n\t\t\t\t<div class=\"wcorg-organizer-description\">\n\t\t\t\t\t\t\t\t\t\t<img alt='' src='https:\/\/secure.gravatar.com\/avatar\/1973891e7b11d7d6484abb56f9d5c5dd14f0834299b78b020774fac327738d7e?s=100&#038;d=mm&#038;r=g' srcset='https:\/\/secure.gravatar.com\/avatar\/1973891e7b11d7d6484abb56f9d5c5dd14f0834299b78b020774fac327738d7e?s=200&#038;d=mm&#038;r=g 2x' class='avatar avatar-100 photo' height='100' width='100' \/>\t\t\t\t\t\r\n<p>Autor del podcast \u00abAs\u00ed NO lo hacemos\u00bb donde cuento semanalmente todos los proyectos que me gustar\u00eda hacer, pero que finalmente NO hago.<\/p>\r\n\r\n\r\n\r\n<p>Me encantar\u00eda decir que soy profesional de aquello relacionado con la inform\u00e1tica. Pero tengo la mala costumbre de que me gusta comer al menos una vez al d\u00eda y pagar las facturas. Por lo que, lastimosamente, no me dedico profesionalmente a esto, aunque me gustar\u00eda la verdad. Acepto ofertas \ud83d\ude09<\/p>\r\n\r\n\r\n\r\n<p>Llegu\u00e9 por casualidad a finales de 2008 creando un blog en WordPress.com. Desde entonces he mantenido un vinculo con nuestro CMS favorito, ya en su versi\u00f3n .org, siendo m\u00e1s fuerte este v\u00ednculo en estos \u00faltimos 5 a\u00f1os.<\/p>\r\n\r\n\r\n\r\n<p>Me encanta el cine, la lectura y la inform\u00e1tica.<\/p>\r\n\t\t\t\t<\/div>\n\t\t\t<\/div>\n\n\t\t\n\t\t\t<div class=\"wcorg-organizer\">\n\t\t\t\t<h2>Raquel Garcia<\/h2>\n\t\t\t\t<div class=\"wcorg-organizer-description\">\n\t\t\t\t\t\t\t\t\t\t<img alt='' src='https:\/\/secure.gravatar.com\/avatar\/5318c237a5f59ff4e58743d7dace532907e3cc9f64c188479eb40e66cc678dce?s=100&#038;d=mm&#038;r=g' srcset='https:\/\/secure.gravatar.com\/avatar\/5318c237a5f59ff4e58743d7dace532907e3cc9f64c188479eb40e66cc678dce?s=200&#038;d=mm&#038;r=g 2x' class='avatar avatar-100 photo' height='100' width='100' \/>\t\t\t\t\t\r\n<p>&nbsp;<\/p>\r\n\r\n\r\n\r\n<p>Emprendedora desde principios del a\u00f1o 2019, dise\u00f1adora gr\u00e1fica y web.<\/p>\r\n\r\n\r\n\r\n<p>Trabajo con WordPress desde el 2016 y\u00a0 conoc\u00ed el mundo de las WordCamp en Irun el pasado a\u00f1o.<\/p>\r\n\r\n\r\n\r\n<p>Soy amante de la fotograf\u00eda y de los atardeceres. Mi lema es \u201cmenos es m\u00e1s\u201d.<\/p>\r\n\r\n\r\n\r\n<p><a href=\"https:\/\/www.resttaestudio.es\/\" target=\"_blank\" rel=\"noopener noreferrer\">www.resttaestudio.es<\/a><\/p>\r\n\t\t\t\t<\/div>\n\t\t\t<\/div>\n\n\t\t\n\t\t\t<div class=\"wcorg-organizer\">\n\t\t\t\t<h2>Pablo Moratinos<\/h2>\n\t\t\t\t<div class=\"wcorg-organizer-description\">\n\t\t\t\t\t\t\t\t\t\t<img alt='' src='https:\/\/secure.gravatar.com\/avatar\/c9671961f8c62f4d48547997fb44e7e37c500219ab41d51ca47182d9c904c3f8?s=100&#038;d=mm&#038;r=g' srcset='https:\/\/secure.gravatar.com\/avatar\/c9671961f8c62f4d48547997fb44e7e37c500219ab41d51ca47182d9c904c3f8?s=200&#038;d=mm&#038;r=g 2x' class='avatar avatar-100 photo' height='100' width='100' \/>\t\t\t\t\t\r\n<p>Soy Consultor de marketing online especializado en anal\u00edtica web en <a href=\"https:\/\/3ymedia.net\/\" target=\"_blank\" rel=\"noopener noreferrer\">3ymedia<\/a>.<\/p>\r\n<p>Llevo en el mundillo WordPress cacharreando con webs desde el 2006.<\/p>\r\n\r\n\r\n\r\n<p>En 2017 fund\u00e9 Irun WordPress y lider\u00e9 las WordCamp Irun de 2018 y 2019.<\/p>\r\n\r\n\r\n\r\n<p>Desde ese 2017 no he parado de colaborar en las \u00e1reas de traducciones, soporte y tv de WordPress Espa\u00f1a.<\/p>\r\n\r\n\r\n\r\n<p>Puedes leer mis mierdas en <a href=\"https:\/\/pablomoratinos.es\" target=\"_blank\" rel=\"noreferrer noopener\">pablomoratinos.es<\/a><\/p>\r\n\t\t\t\t<\/div>\n\t\t\t<\/div>\n\n\t\t\n\t\t\t<div class=\"wcorg-organizer\">\n\t\t\t\t<h2>Olivier Carri\u00f3n<\/h2>\n\t\t\t\t<div class=\"wcorg-organizer-description\">\n\t\t\t\t\t\t\t\t\t\t<img alt='' src='https:\/\/secure.gravatar.com\/avatar\/61927709a3bf9960853b18fdb49228775512a8f2a7223c25a7e80208f71b0ed8?s=100&#038;d=mm&#038;r=g' srcset='https:\/\/secure.gravatar.com\/avatar\/61927709a3bf9960853b18fdb49228775512a8f2a7223c25a7e80208f71b0ed8?s=200&#038;d=mm&#038;r=g 2x' class='avatar avatar-100 photo' height='100' width='100' \/>\t\t\t\t\t\r\n<p>Soy asistente digital desde el 2001, administro las web de peque\u00f1as empresas. He realizado y colaborado en varios proyectos con WordPress.<br><\/p>\r\n\r\n\r\n\r\n<p>Soy asiduo a las meetup de Irun y voluntario de la I y II WordCamp de Irun.<\/p>\r\n\r\n\r\n\r\n<p><a href=\"https:\/\/www.etchenet.com\" target=\"_blank\" rel=\"noreferrer noopener\">www.etchenet.com<\/a><\/p>\r\n\t\t\t\t<\/div>\n\t\t\t<\/div>\n\n\t\t\n\t\t\t<div class=\"wcorg-organizer\">\n\t\t\t\t<h2>Josean Rodr\u00edguez<\/h2>\n\t\t\t\t<div class=\"wcorg-organizer-description\">\n\t\t\t\t\t\t\t\t\t\t<img alt='' src='https:\/\/secure.gravatar.com\/avatar\/c0e10f8563d47e0e610a31afb086b8ee29b3588e8f27ff041cd9e06ddc02a449?s=100&#038;d=mm&#038;r=g' srcset='https:\/\/secure.gravatar.com\/avatar\/c0e10f8563d47e0e610a31afb086b8ee29b3588e8f27ff041cd9e06ddc02a449?s=200&#038;d=mm&#038;r=g 2x' class='avatar avatar-100 photo' height='100' width='100' \/>\t\t\t\t\t\r\n<p>Jubileta a la fuerza pero con muchas ganas de seguir activo. Tecn\u00f3crata por naturaleza. Ex programador de grandes sistemas CICS de IBM con lenguajes COBOL, AS (Application System), \u2026 muy apartado de las nuevas tendencias CMS con las que cada vez me siento m\u00e1s c\u00f3modo y por eso me gusta tanto WordPress.Estos son mis principio y si no os gustan, tengo otros.<\/p>\r\n\t\t\t\t<\/div>\n\t\t\t<\/div>\n\n\t\t\n\t\t\t<div class=\"wcorg-organizer\">\n\t\t\t\t<h2>Olatz Goicoechea<\/h2>\n\t\t\t\t<div class=\"wcorg-organizer-description\">\n\t\t\t\t\t\t\t\t\t\t<img alt='' src='https:\/\/secure.gravatar.com\/avatar\/89d0e7052e411d7eb1de828a5ec57662013bbced0628fdd286177e3ea5080c67?s=100&#038;d=mm&#038;r=g' srcset='https:\/\/secure.gravatar.com\/avatar\/89d0e7052e411d7eb1de828a5ec57662013bbced0628fdd286177e3ea5080c67?s=200&#038;d=mm&#038;r=g 2x' class='avatar avatar-100 photo' height='100' width='100' \/>\t\t\t\t\t\r\n<p>3 cosas sobre m\u00ed:<\/p>\r\n\r\n\r\n\r\n<p><strong>\u00bfTrabajo?<\/strong><br \/>Publicidad program\u00e1tica en mediasmart.io<\/p>\r\n\r\n\r\n\r\n<p><strong>\u00bfC\u00f3mo alimento mi alma?<\/strong><br \/>Viajes | Arte | M\u00fasica | Amigos&amp;Familia | Aprender cosas nuevas.<\/p>\r\n\r\n\r\n\r\n<p><strong>\u00bfC\u00f3mo llegu\u00e9 a WordPress?<\/strong><br \/>Simple, uso internet.<\/p>\r\n\t\t\t\t<\/div>\n\t\t\t<\/div>\n\n\t\t\n\t\t\t<div class=\"wcorg-organizer\">\n\t\t\t\t<h2>Iban Vaquero<\/h2>\n\t\t\t\t<div class=\"wcorg-organizer-description\">\n\t\t\t\t\t\t\t\t\t\t<img alt='' src='https:\/\/secure.gravatar.com\/avatar\/423e622c6f6944625ff697862261f17845e7a4facb825f15c5720abe1024d51b?s=100&#038;d=mm&#038;r=g' srcset='https:\/\/secure.gravatar.com\/avatar\/423e622c6f6944625ff697862261f17845e7a4facb825f15c5720abe1024d51b?s=200&#038;d=mm&#038;r=g 2x' class='avatar avatar-100 photo' height='100' width='100' \/>\t\t\t\t\t\r\n<p>Soy dise\u00f1ador Gr\u00e1fico desde el 2000 y programador web desde 2012. Me estoy especializando en WordPress y he realizado y colaborado en varios proyectos.<br>No se exactamente cuando conoc\u00ed WordPress pero lo he vuelto a retomar con fuerza en el 2015.<\/p>\r\n\r\n\r\n\r\n<p>Soy colaborador de la meetup de Irun y coorganizador de la I y II WordCamp de Irun.<\/p>\r\n\r\n\r\n\r\n<p><a href=\"http:\/\/www.ibanvaquero.com\" target=\"_blank\" rel=\"noreferrer noopener\">www.ibanvaquero.com<\/a><\/p>\r\n\t\t\t\t<\/div>\n\t\t\t<\/div>\n\n\t\t\n\t<\/div><!-- .wcorg-organizers -->\n\t\n","protected":false},"excerpt":{"rendered":"<p>Estos son algunos de los culpables de que se haya perpetrado WordCamp Irun 2020<\/p>\n","protected":false},"author":16192456,"featured_media":0,"parent":0,"menu_order":0,"comment_status":"closed","ping_status":"closed","template":"","meta":{"jetpack_post_was_ever_published":false,"footnotes":""},"class_list":["post-161","page","type-page","status-publish","hentry"],"jetpack_sharing_enabled":true,"_links":{"self":[{"href":"https:\/\/irun.wordcamp.org\/2020\/wp-json\/wp\/v2\/pages\/161","targetHints":{"allow":["GET"]}}],"collection":[{"href":"https:\/\/irun.wordcamp.org\/2020\/wp-json\/wp\/v2\/pages"}],"about":[{"href":"https:\/\/irun.wordcamp.org\/2020\/wp-json\/wp\/v2\/types\/page"}],"author":[{"embeddable":true,"href":"https:\/\/irun.wordcamp.org\/2020\/wp-json\/wp\/v2\/users\/16192456"}],"replies":[{"embeddable":true,"href":"https:\/\/irun.wordcamp.org\/2020\/wp-json\/wp\/v2\/comments?post=161"}],"version-history":[{"count":1,"href":"https:\/\/irun.wordcamp.org\/2020\/wp-json\/wp\/v2\/pages\/161\/revisions"}],"predecessor-version":[{"id":162,"href":"https:\/\/irun.wordcamp.org\/2020\/wp-json\/wp\/v2\/pages\/161\/revisions\/162"}],"wp:attachment":[{"href":"https:\/\/irun.wordcamp.org\/2020\/wp-json\/wp\/v2\/media?parent=161"}],"curies":[{"name":"wp","href":"https:\/\/api.w.org\/{rel}","templated":true}]}}