{"id":1595,"date":"2018-04-16T12:16:09","date_gmt":"2018-04-16T10:16:09","guid":{"rendered":"https:\/\/2018.irun.wordcamp.org\/?page_id=1595"},"modified":"2018-04-27T17:34:57","modified_gmt":"2018-04-27T15:34:57","slug":"descuentos-wordcamp-irun","status":"publish","type":"page","link":"https:\/\/irun.wordcamp.org\/2018\/descuentos-wordcamp-irun\/","title":{"rendered":"Descuentos WordCamp Irun"},"content":{"rendered":"<h1>Descuentos WordCamp Irun 2018<\/h1>\n<p>Actualmente estos son los descuentos que tenemos activos para facilitar la asistencia a WordCamp Irun 2018:<\/p>\n<h2>Descuentos en transporte<\/h2>\n<ul>\n<li><a href=\"https:\/\/2018.irun.wordcamp.org\/descuento-con-iberia\/\" target=\"_blank\" rel=\"noopener\"><strong>10% de descuento<\/strong> en vuelos con Iberia a\/desde Bilbao y San Sebastian<\/a><\/li>\n<li><a href=\"https:\/\/2018.irun.wordcamp.org\/descuento-con-renfe\/\" target=\"_blank\" rel=\"noopener\"><strong>30% de descuento<\/strong> en billetes de RENFE<\/a><\/li>\n<\/ul>\n<h2>Descuentos en hospedaje<\/h2>\n<ul>\n<li><strong>10% de descuento<\/strong> en reservas en el <a href=\"https:\/\/www.hotelriobidasoa.com\/es\/\" target=\"_blank\" rel=\"noopener\">Hotel R\u00edo Bidasoa<\/a> de Hondarribia diciendo que vas a la WordCamp (para reservas v\u00eda web o tel\u00e9fono)<\/li>\n<li>Para las reservas via telef\u00f3nica en el <a href=\"http:\/\/www.hoteleth.com\/\">Hotel ETH<\/a>, nos han dado una tarifa para <strong>habitaci\u00f3n individual de 50\u20ac, para habitaci\u00f3n doble de 63\u20ac<\/strong> en r\u00e9gimen de alojamiento y desayuno (tarifas IVA incluido por habitaci\u00f3n y noche). Al llamar, decid que ven\u00eds a la WordCamp.<\/li>\n<\/ul>\n","protected":false},"excerpt":{"rendered":"<p>Descuentos WordCamp Irun 2018 Actualmente estos son los descuentos que tenemos activos para facilitar la asistencia a WordCamp Irun 2018: Descuentos en transporte 10% de descuento en vuelos con Iberia a\/desde Bilbao y San Sebastian 30% de descuento en billetes de RENFE Descuentos en hospedaje 10% de descuento en reservas en el Hotel R\u00edo Bidasoa &hellip; <\/p>\n<p class=\"link-more\"><a href=\"https:\/\/irun.wordcamp.org\/2018\/descuentos-wordcamp-irun\/\" class=\"more-link\">Continuar leyendo<span class=\"screen-reader-text\"> \u00abDescuentos WordCamp Irun\u00bb<\/span><\/a><\/p>\n","protected":false},"author":13668985,"featured_media":0,"parent":0,"menu_order":0,"comment_status":"closed","ping_status":"closed","template":"","meta":{"_crdt_document":"","jetpack_post_was_ever_published":false,"footnotes":""},"class_list":["post-1595","page","type-page","status-publish","hentry"],"jetpack_sharing_enabled":true,"jetpack_shortlink":"https:\/\/wp.me\/P9tyMz-pJ","_links":{"self":[{"href":"https:\/\/irun.wordcamp.org\/2018\/wp-json\/wp\/v2\/pages\/1595","targetHints":{"allow":["GET"]}}],"collection":[{"href":"https:\/\/irun.wordcamp.org\/2018\/wp-json\/wp\/v2\/pages"}],"about":[{"href":"https:\/\/irun.wordcamp.org\/2018\/wp-json\/wp\/v2\/types\/page"}],"author":[{"embeddable":true,"href":"https:\/\/irun.wordcamp.org\/2018\/wp-json\/wp\/v2\/users\/13668985"}],"replies":[{"embeddable":true,"href":"https:\/\/irun.wordcamp.org\/2018\/wp-json\/wp\/v2\/comments?post=1595"}],"version-history":[{"count":6,"href":"https:\/\/irun.wordcamp.org\/2018\/wp-json\/wp\/v2\/pages\/1595\/revisions"}],"predecessor-version":[{"id":1707,"href":"https:\/\/irun.wordcamp.org\/2018\/wp-json\/wp\/v2\/pages\/1595\/revisions\/1707"}],"wp:attachment":[{"href":"https:\/\/irun.wordcamp.org\/2018\/wp-json\/wp\/v2\/media?parent=1595"}],"curies":[{"name":"wp","href":"https:\/\/api.w.org\/{rel}","templated":true}]}}